ors of 9568190.
2, 5, 449, 2131
What are the prime factors of 16892526?
2, 3, 7, 17, 59, 401
List the prime factors of 121859879.
53, 181, 12703
What are the prime factors of 144951158?
2, 11, 6588689
List the prime factors of 89060091.
3, 373, 79589
List the prime factors of 99870409.
1423, 70183
What are the prime factors of 74064825?
3, 5, 329177
What are the prime factors of 1283861819?
941, 1364359
List the prime factors of 31667740.
2, 5, 13, 31, 3929
What are the prime factors of 28799779?
28799779
List the prime factors of 155909318.
2, 23, 3389333
List the prime factors of 32233259.
2791, 11549
List the prime factors of 416022304.
2, 149, 87253
List the prime factors of 26522761.
263, 100847
What are the prime factors of 3956451568?
2, 89, 1163, 2389
List the prime factors of 258019361.
83, 137, 22691
What are the prime factors of 15779556?
2, 3, 13, 11239
What are the prime factors of 2425719631?
353, 1741, 3947
What are the prime factors of 428231047?
428231047
What are the prime factors of 41388593?
19, 103, 21149
List the prime factors of 81932490.
2, 3, 5, 910361
What are the prime factors of 20113301?
13, 1547177
What are the prime factors of 40140346?
2, 97, 206909
List the prime factors of 3151332561.
3, 13, 80803399
List the prime factors of 68103441.
3, 7, 281, 3847
What are the prime factors of 84055903?
84055903
List the prime factors of 741917792.
2, 7, 11, 31, 883
List the prime factors of 138668690.
2, 5, 13866869
List the prime factors of 58420733.
7, 8345819
List the prime factors of 1221260605.
5, 79, 3091799
What are the prime factors of 3630361257?
3, 191, 271, 7793
What are the prime factors of 126339815?
5, 7, 191, 18899
What are the prime factors of 136240276?
2, 34060069
What are the prime factors of 371757?
3, 83, 1493
What are the prime factors of 435947662?
2, 29, 947, 7937
What are the prime factors of 308042229?
3, 11, 9334613
List the prime factors of 491892620.
2, 5, 17, 1063, 1361
What are the prime factors of 6632299?
6632299
List the prime factors of 50881107.
3, 19, 653, 1367
List the prime factors of 23501164.
2, 5875291
What are the prime factors of 25014731?
7, 23, 155371
List the prime factors of 583370357.
19, 491, 62533
What are the prime factors of 848693518?
2, 307, 1382237
List the prime factors of 60467218.
2, 7, 313, 13799
List the prime factors of 2385050971.
2385050971
What are the prime factors of 2054005269?
3, 684668423
What are the prime factors of 1234296696?
2, 3, 17, 19, 159223
What are the prime factors of 286059776?
2, 139, 8039
What are the prime factors of 225834622?
2, 13, 67, 129641
What are the prime factors of 68523357?
3, 7, 3263017
What are the prime factors of 114138642?
2, 3, 19023107
What are the prime factors of 19515987?
3, 131, 16553
List the prime factors of 311601288.
2, 3, 29, 447703
What are the prime factors of 96483641?
2657, 36313
List the prime factors of 73764437.
73764437
What are the prime factors of 804958620?
2, 3, 5, 173, 77549
What are the prime factors of 122492690?
2, 5, 12249269
What are the prime factors of 3229522734?
2, 3, 3709, 145121
What are the prime factors of 93847376?
2, 7, 837923
List the prime factors of 153578094.
2, 3, 773, 33113
What are the prime factors of 316166264?
2, 39520783
What are the prime factors of 405463144?
2, 53, 956281
What are the prime factors of 1157562963?
3, 17, 41, 127, 1453
List the prime factors of 2347082301.
3, 127, 6160321
What are the prime factors of 64256014?
2, 137, 234511
What are the prime factors of 328785283?
97, 3389539
List the prime factors of 189143432.
2, 53, 61, 71, 103
List the prime factors of 354586.
2, 17, 10429
List the prime factors of 4221892118.
2, 2110946059
List the prime factors of 1314132889.
263, 4996703
What are the prime factors of 425671597?
13, 32743969
What are the prime factors of 38095312?
2, 2380957
List the prime factors of 101308530.
2, 3, 5, 1747, 1933
What are the prime factors of 4289507230?
2, 5, 83, 131, 39451
List the prime factors of 36440025.
3, 5, 523, 929
List the prime factors of 238759108.
2, 7, 337, 25303
What are the prime factors of 36251493?
3, 31, 107, 3643
What are the prime factors of 6021750516?
2, 3, 19979, 25117
What are the prime factors of 56717864?
2, 7, 113, 8963
List the prime factors of 33362370.
2, 3, 5, 370693
What are the prime factors of 20223614?
2, 29, 83, 4201
What are the prime factors of 1091969486?
2, 151, 3615793
List the prime factors of 38993881.
38993881
What are the prime factors of 66213362?
2, 2153, 15377
List the prime factors of 10215863.
7, 19, 10973
What are the prime factors of 1952464468?
2, 167, 953, 3067
What are the prime factors of 201879609?
3, 67293203
List the prime factors of 468574696.
2, 53, 59, 18731
What are the prime factors of 69011399?
1319, 52321
What are the prime factors of 161163356?
2, 607, 66377
List the prime factors of 1947677784.
2, 3, 13, 61, 102337
List the prime factors of 3169501962.
2, 3, 11, 79, 607883
What are the prime factors of 110988754?
2, 23, 2412799
What are the prime factors of 76755602?
2, 7, 11, 43, 67, 173
List the prime factors of 105022935.
3, 5, 41, 56923
List the prime factors of 4961926831.
4961926831
List the prime factors of 1016283489.
3, 13, 26058551
List the prime factors of 786083231.
10667, 73693
List the prime factors of 1733568651.
3, 1571, 122609
List the prime factors of 169893948.
2, 3, 7, 29, 97, 719
List the prime factors of 142164886.
2, 23, 269, 11489
What are the prime factors of 212661056?
2, 349, 9521
What are the prime factors of 269335049?
1381, 195029
What are the prime factors of 216282232?
2, 29, 877, 1063
List the prime factors of 47324895.
3, 5, 103, 30631
List the prime factors of 795491371.
795491371
List the prime factors of 199364233.
379, 526027
What are the prime factors of 35331198?
2, 3, 7, 841219
List the prime factors of 2396482.
2, 11, 97, 1123
List the prime factors of 324158352.
2, 3, 7, 964757
What are the prime factors of 4675713?
3, 7, 53, 4201
List the prime factors of 85025967.
3, 13, 751, 2903
What are the prime factors of 6950874190?
2, 5, 13, 89, 421, 1427
What are the prime factors of 131666699?
29, 4540231
List the prime factors of 57730015.
5, 7, 1649429
What are the prime factors of 82131177?
3, 27377059
List the prime factors of 2049039.
3, 227671
List the prime factors of 97219489.
97219489
List the prime factors of 78113115.
3, 5, 1735847
What are the prime factors of 45388941?
3, 13, 61, 19079
List the prime factors of 20080543.
7, 347, 1181
List the prime factors of 353525486.
2, 29, 137, 44491
List the prime factors of 37034072.
2, 1667, 2777
What are the prime factors of 140194942?
2, 70097471
List the prime factors of 5313965490.
2, 3, 5, 367, 160883
List the prime factors of 48135995.
5, 9627199
List the prime factors of 238154430.
2, 3, 5, 7938481
What are the prime factors of 198533350?
2, 5, 881, 4507
What are the prime factors of 35643599?
35643599
List the prime factors of 6421760263.
6421760263
What are the prime factors of 758884324?
2, 11, 151, 114221
List the prime factors of 601498962.
2, 3, 33416609
What are the prime factors of 115222320?
2, 3, 5, 160031
What are the prime factors of 116805776?
2, 17, 23, 18671
What are the prime factors of 766183118?
2, 6473, 59183
List the prime factors of 176310016.
2, 151, 4561
What are the prime factors of 301929052?
2, 359, 210257
What are the prime factors of 40151089?
11, 271, 13469
List the prime factors of 35671804.
2, 7, 23, 41, 193
List the prime factors of 1447057657.
1447057657
What are the prime factors of 177289964?
2, 44322491
List the prime factors of 103138859.
19, 127, 42743
List the prime factors of 313955053.
83, 3782591
What are the prime factors of 63690523?
13, 31, 12157
What are the prime factors of 76893573?
3, 41, 263, 2377
What are the prime factors of 246025443?
3, 3581, 22901
List the prime factors of 77601331.
503, 154277
What are the prime factors of 1295360764?
2, 17, 73, 260951
What are the prime factors of 1713402918?
2, 3, 95189051
What are the prime factors of 187071110?
2, 5, 41, 179, 2549
List the prime factors of 2696541886.
2, 443, 1601, 1901
List the prime factors of 44138089.
44138089
What are the prime factors of 4308424